{"id":260,"date":"2019-12-10T21:12:42","date_gmt":"2019-12-11T00:12:42","guid":{"rendered":"https:\/\/abreast.com.br\/?page_id=260"},"modified":"2019-12-10T21:12:42","modified_gmt":"2019-12-11T00:12:42","slug":"central-de-orcamentos","status":"publish","type":"page","link":"https:\/\/abreast.com.br\/index.php\/central-de-orcamentos\/","title":{"rendered":"CENTRAL DE OR\u00c7AMENTOS"},"content":{"rendered":"<div class=\"wpforms-container wpforms-container-full\" id=\"wpforms-259\"><form id=\"wpforms-form-259\" class=\"wpforms-validate wpforms-form wpforms-ajax-form\" data-formid=\"259\" method=\"post\" enctype=\"multipart\/form-data\" action=\"\/index.php\/wp-json\/wp\/v2\/pages\/260\" data-token=\"dafe20238d8cac5c6b341bc3302da615\"><noscript class=\"wpforms-error-noscript\">Ative o JavaScript no seu navegador para preencher este formul\u00e1rio.<\/noscript><div class=\"wpforms-field-container\"><div id=\"wpforms-259-field_1-container\" class=\"wpforms-field wpforms-field-text\" data-field-id=\"1\"><label class=\"wpforms-field-label\" for=\"wpforms-259-field_1\">NOME <span class=\"wpforms-required-label\">*<\/span><\/label><input type=\"text\" id=\"wpforms-259-field_1\" class=\"wpforms-field-large wpforms-field-required\" name=\"wpforms[fields][1]\" required><div class=\"wpforms-field-description\">Digite seu nome completo.<\/div><\/div><div id=\"wpforms-259-field_2-container\" class=\"wpforms-field wpforms-field-email\" data-field-id=\"2\"><label class=\"wpforms-field-label\" for=\"wpforms-259-field_2\">E-MAIL <span class=\"wpforms-required-label\">*<\/span><\/label><div class=\"wpforms-field-row wpforms-field-large\"><div class=\"wpforms-field-row-block wpforms-one-half wpforms-first\"><input type=\"email\" id=\"wpforms-259-field_2\" class=\"wpforms-field-required wpforms-field-email-primary\" name=\"wpforms[fields][2][primary]\" required><label for=\"wpforms-259-field_2\" class=\"wpforms-field-sublabel after \">E-mail<\/label><\/div><div class=\"wpforms-field-row-block wpforms-one-half\"><input type=\"email\" id=\"wpforms-259-field_2-secondary\" class=\"wpforms-field-email-secondary wpforms-field-required\" data-rule-confirm=\"#wpforms-259-field_2\" name=\"wpforms[fields][2][secondary]\" required><label for=\"wpforms-259-field_2-secondary\" class=\"wpforms-field-sublabel after \">Confirmar e-mail<\/label><\/div><\/div><div class=\"wpforms-field-description\">Exemplo: meu@meu.com.br<\/div><\/div><div id=\"wpforms-259-field_4-container\" class=\"wpforms-field wpforms-field-text\" data-field-id=\"4\"><label class=\"wpforms-field-label\" for=\"wpforms-259-field_4\">WHATSAPP<\/label><input type=\"text\" id=\"wpforms-259-field_4\" class=\"wpforms-field-medium wpforms-masked-input\" data-rule-inputmask-incomplete=\"1\" data-inputmask-mask=\"(99) 99999-9999\" name=\"wpforms[fields][4]\" ><div class=\"wpforms-field-description\">Digite seu whatsapp<\/div><\/div><div id=\"wpforms-259-field_5-container\" class=\"wpforms-field wpforms-field-text\" data-field-id=\"5\"><label class=\"wpforms-field-label\" for=\"wpforms-259-field_5\">TELEFONE OU CELULAR<\/label><input type=\"text\" id=\"wpforms-259-field_5\" class=\"wpforms-field-medium wpforms-masked-input\" data-rule-inputmask-incomplete=\"1\" data-inputmask-mask=\"(99) 99999-9999\" name=\"wpforms[fields][5]\" ><div class=\"wpforms-field-description\">Digite o n\u00famero de seu celular ou telefone<\/div><\/div><div id=\"wpforms-259-field_6-container\" class=\"wpforms-field wpforms-field-radio wpforms-list-2-columns\" data-field-id=\"6\"><label class=\"wpforms-field-label\" for=\"wpforms-259-field_6\">QUAIS SERVI\u00c7OS DESEJA? <span class=\"wpforms-required-label\">*<\/span><\/label><ul id=\"wpforms-259-field_6\" class=\"wpforms-field-required\"><li class=\"choice-1 depth-1\"><input type=\"radio\" id=\"wpforms-259-field_6_1\" name=\"wpforms[fields][6]\" value=\"LTCAT\" required ><label class=\"wpforms-field-label-inline\" for=\"wpforms-259-field_6_1\">LTCAT<\/label><\/li><li class=\"choice-2 depth-1\"><input type=\"radio\" id=\"wpforms-259-field_6_2\" name=\"wpforms[fields][6]\" value=\"PPRA\" required ><label class=\"wpforms-field-label-inline\" for=\"wpforms-259-field_6_2\">PPRA<\/label><\/li><li class=\"choice-3 depth-1\"><input type=\"radio\" id=\"wpforms-259-field_6_3\" name=\"wpforms[fields][6]\" value=\"PCMSO\" required ><label class=\"wpforms-field-label-inline\" for=\"wpforms-259-field_6_3\">PCMSO<\/label><\/li><li class=\"choice-4 depth-1\"><input type=\"radio\" id=\"wpforms-259-field_6_4\" name=\"wpforms[fields][6]\" value=\"PCMAT\" required ><label class=\"wpforms-field-label-inline\" for=\"wpforms-259-field_6_4\">PCMAT<\/label><\/li><li class=\"choice-5 depth-1\"><input type=\"radio\" id=\"wpforms-259-field_6_5\" name=\"wpforms[fields][6]\" value=\"LAUDOS ERGON\u00d4MICOS\" required ><label class=\"wpforms-field-label-inline\" for=\"wpforms-259-field_6_5\">LAUDOS ERGON\u00d4MICOS<\/label><\/li><li class=\"choice-6 depth-1\"><input type=\"radio\" id=\"wpforms-259-field_6_6\" name=\"wpforms[fields][6]\" value=\"PPP\" required ><label class=\"wpforms-field-label-inline\" for=\"wpforms-259-field_6_6\">PPP<\/label><\/li><li class=\"choice-7 depth-1\"><input type=\"radio\" id=\"wpforms-259-field_6_7\" name=\"wpforms[fields][6]\" value=\"CURSOS OU TREINAMENTOS\" required ><label class=\"wpforms-field-label-inline\" for=\"wpforms-259-field_6_7\">CURSOS OU TREINAMENTOS<\/label><\/li><li class=\"choice-8 depth-1\"><input type=\"radio\" id=\"wpforms-259-field_6_8\" name=\"wpforms[fields][6]\" value=\"AN\u00c1LISES AMBIENTAIS\" required ><label class=\"wpforms-field-label-inline\" for=\"wpforms-259-field_6_8\">AN\u00c1LISES AMBIENTAIS<\/label><\/li><li class=\"choice-9 depth-1\"><input type=\"radio\" id=\"wpforms-259-field_6_9\" name=\"wpforms[fields][6]\" value=\"CIPA\" required ><label class=\"wpforms-field-label-inline\" for=\"wpforms-259-field_6_9\">CIPA<\/label><\/li><li class=\"choice-10 depth-1\"><input type=\"radio\" id=\"wpforms-259-field_6_10\" name=\"wpforms[fields][6]\" value=\"OUTROS SERVI\u00c7OS\" required ><label class=\"wpforms-field-label-inline\" for=\"wpforms-259-field_6_10\">OUTROS SERVI\u00c7OS<\/label><\/li><\/ul><\/div><div id=\"wpforms-259-field_7-container\" class=\"wpforms-field wpforms-field-radio wpforms-list-2-columns\" data-field-id=\"7\"><label class=\"wpforms-field-label\" for=\"wpforms-259-field_7\">COMO SER\u00c1 A PRESTA\u00c7\u00c3O DE SERVI\u00c7OS? <span class=\"wpforms-required-label\">*<\/span><\/label><ul id=\"wpforms-259-field_7\" class=\"wpforms-field-required\"><li class=\"choice-1 depth-1\"><input type=\"radio\" id=\"wpforms-259-field_7_1\" name=\"wpforms[fields][7]\" value=\"AVULSO\" required ><label class=\"wpforms-field-label-inline\" for=\"wpforms-259-field_7_1\">AVULSO<\/label><\/li><li class=\"choice-2 depth-1\"><input type=\"radio\" id=\"wpforms-259-field_7_2\" name=\"wpforms[fields][7]\" value=\"DESEJO FECHAR CONTRATO\" required ><label class=\"wpforms-field-label-inline\" for=\"wpforms-259-field_7_2\">DESEJO FECHAR CONTRATO<\/label><\/li><\/ul><\/div><div id=\"wpforms-259-field_8-container\" class=\"wpforms-field wpforms-field-text\" data-field-id=\"8\"><label class=\"wpforms-field-label\" for=\"wpforms-259-field_8\">CNPJ  <span class=\"wpforms-required-label\">*<\/span><\/label><input type=\"text\" id=\"wpforms-259-field_8\" class=\"wpforms-field-medium wpforms-field-required wpforms-masked-input\" data-rule-inputmask-incomplete=\"1\" data-inputmask-mask=\"99.999.999\/9999-99\" name=\"wpforms[fields][8]\" required><div class=\"wpforms-field-description\">Digite o CNPJ da empresa que receber\u00e1 os servi\u00e7os.<\/div><\/div><div id=\"wpforms-259-field_9-container\" class=\"wpforms-field wpforms-field-textarea\" data-field-id=\"9\"><label class=\"wpforms-field-label\" for=\"wpforms-259-field_9\">RESUME SEU PEDIDO <span class=\"wpforms-required-label\">*<\/span><\/label><textarea id=\"wpforms-259-field_9\" class=\"wpforms-field-medium wpforms-field-required\" name=\"wpforms[fields][9]\" required><\/textarea><div class=\"wpforms-field-description\">Nos conte a respeito de sua empresa. Quais documentos precisa? Como deseja? Etc...<\/div><\/div><div id=\"wpforms-259-field_10-container\" class=\"wpforms-field wpforms-field-radio\" data-field-id=\"10\"><label class=\"wpforms-field-label\" for=\"wpforms-259-field_10\">Declaro que as informa\u00e7\u00f5es prestadas acima est\u00e3o corretas, caso n\u00e3o estejam estou ciente que meu pedido ser\u00e1 cancelado pelo sistema. <span class=\"wpforms-required-label\">*<\/span><\/label><ul id=\"wpforms-259-field_10\" class=\"wpforms-field-required\"><li class=\"choice-1 depth-1\"><input type=\"radio\" id=\"wpforms-259-field_10_1\" name=\"wpforms[fields][10]\" value=\"Confirmo todas as informa\u00e7\u00f5es e desejo receber a resposta por whatsapp ou email.\" required ><label class=\"wpforms-field-label-inline\" for=\"wpforms-259-field_10_1\">Confirmo todas as informa\u00e7\u00f5es e desejo receber a resposta por whatsapp ou email.<\/label><\/li><\/ul><\/div><\/div><div class=\"wpforms-field wpforms-field-hp\"><label for=\"wpforms-259-field-hp\" class=\"wpforms-field-label\">Message<\/label><input type=\"text\" name=\"wpforms[hp]\" id=\"wpforms-259-field-hp\" class=\"wpforms-field-medium\"><\/div><div class=\"wpforms-submit-container\"><input type=\"hidden\" name=\"wpforms[id]\" value=\"259\"><input type=\"hidden\" name=\"wpforms[author]\" value=\"1\"><button type=\"submit\" name=\"wpforms[submit]\" id=\"wpforms-submit-259\" class=\"wpforms-submit\" data-alt-text=\"SOLICITANDO...\" data-submit-text=\"SOLICITAR OR\u00c7AMENTO\" aria-live=\"assertive\" value=\"wpforms-submit\">SOLICITAR OR\u00c7AMENTO<\/button><img src=\"https:\/\/abreast.com.br\/wp-content\/plugins\/wpforms-lite\/assets\/images\/submit-spin.svg\" class=\"wpforms-submit-spinner\" style=\"display: none;\" width=\"26\" height=\"26\" alt=\"A Carregar\"><\/div><\/form><\/div>  <!-- .wpforms-container -->\n\n\n\n<p><\/p>\n","protected":false},"excerpt":{"rendered":"","protected":false},"author":1,"featured_media":0,"parent":0,"menu_order":0,"comment_status":"closed","ping_status":"closed","template":"","meta":{"_themeisle_gutenberg_block_has_review":false},"yoast_head":"<!-- This site is optimized with the Yoast SEO plugin v20.2 - https:\/\/yoast.com\/wordpress\/plugins\/seo\/ -->\n<title>CENTRAL DE OR\u00c7AMENTOS - Abreast - Seguran\u00e7a e Medicina do Trabalho<\/title>\n<meta name=\"description\" content=\"Abreast - Seguran\u00e7a e Medicina do Trabalho.\" \/>\n<meta name=\"robots\" content=\"index, follow, max-snippet:-1, max-image-preview:large, max-video-preview:-1\" \/>\n<link rel=\"canonical\" href=\"https:\/\/abreast.com.br\/index.php\/central-de-orcamentos\/\" \/>\n<meta property=\"og:locale\" content=\"pt_BR\" \/>\n<meta property=\"og:type\" content=\"article\" \/>\n<meta property=\"og:title\" content=\"CENTRAL DE OR\u00c7AMENTOS - Abreast - Seguran\u00e7a e Medicina do Trabalho\" \/>\n<meta property=\"og:description\" content=\"Abreast - Seguran\u00e7a e Medicina do Trabalho.\" \/>\n<meta property=\"og:url\" content=\"https:\/\/abreast.com.br\/index.php\/central-de-orcamentos\/\" \/>\n<meta property=\"og:site_name\" content=\"Abreast - Seguran\u00e7a e Medicina do Trabalho\" \/>\n<meta name=\"twitter:card\" content=\"summary_large_image\" \/>\n<script type=\"application\/ld+json\" class=\"yoast-schema-graph\">{\"@context\":\"https:\/\/schema.org\",\"@graph\":[{\"@type\":\"WebPage\",\"@id\":\"https:\/\/abreast.com.br\/index.php\/central-de-orcamentos\/\",\"url\":\"https:\/\/abreast.com.br\/index.php\/central-de-orcamentos\/\",\"name\":\"CENTRAL DE OR\u00c7AMENTOS - Abreast - Seguran\u00e7a e Medicina do Trabalho\",\"isPartOf\":{\"@id\":\"https:\/\/abreast.com.br\/#website\"},\"datePublished\":\"2019-12-11T00:12:42+00:00\",\"dateModified\":\"2019-12-11T00:12:42+00:00\",\"description\":\"Abreast - Seguran\u00e7a e Medicina do Trabalho.\",\"breadcrumb\":{\"@id\":\"https:\/\/abreast.com.br\/index.php\/central-de-orcamentos\/#breadcrumb\"},\"inLanguage\":\"pt-BR\",\"potentialAction\":[{\"@type\":\"ReadAction\",\"target\":[\"https:\/\/abreast.com.br\/index.php\/central-de-orcamentos\/\"]}]},{\"@type\":\"BreadcrumbList\",\"@id\":\"https:\/\/abreast.com.br\/index.php\/central-de-orcamentos\/#breadcrumb\",\"itemListElement\":[{\"@type\":\"ListItem\",\"position\":1,\"name\":\"In\u00edcio\",\"item\":\"https:\/\/abreast.com.br\/\"},{\"@type\":\"ListItem\",\"position\":2,\"name\":\"CENTRAL DE OR\u00c7AMENTOS\"}]},{\"@type\":\"WebSite\",\"@id\":\"https:\/\/abreast.com.br\/#website\",\"url\":\"https:\/\/abreast.com.br\/\",\"name\":\"Abreast - Seguran\u00e7a e Medicina do Trabalho\",\"description\":\"Abreast - Seguran\u00e7a e Medicina do Trabalho\",\"publisher\":{\"@id\":\"https:\/\/abreast.com.br\/#organization\"},\"potentialAction\":[{\"@type\":\"SearchAction\",\"target\":{\"@type\":\"EntryPoint\",\"urlTemplate\":\"https:\/\/abreast.com.br\/?s={search_term_string}\"},\"query-input\":\"required name=search_term_string\"}],\"inLanguage\":\"pt-BR\"},{\"@type\":\"Organization\",\"@id\":\"https:\/\/abreast.com.br\/#organization\",\"name\":\"Abreast\",\"url\":\"https:\/\/abreast.com.br\/\",\"logo\":{\"@type\":\"ImageObject\",\"inLanguage\":\"pt-BR\",\"@id\":\"https:\/\/abreast.com.br\/#\/schema\/logo\/image\/\",\"url\":\"https:\/\/abreast.com.br\/wp-content\/uploads\/2019\/11\/logo-abreast.png\",\"contentUrl\":\"https:\/\/abreast.com.br\/wp-content\/uploads\/2019\/11\/logo-abreast.png\",\"width\":302,\"height\":127,\"caption\":\"Abreast\"},\"image\":{\"@id\":\"https:\/\/abreast.com.br\/#\/schema\/logo\/image\/\"}}]}<\/script>\n<!-- \/ Yoast SEO plugin. -->","yoast_head_json":{"title":"CENTRAL DE OR\u00c7AMENTOS - Abreast - Seguran\u00e7a e Medicina do Trabalho","description":"Abreast - Seguran\u00e7a e Medicina do Trabalho.","robots":{"index":"index","follow":"follow","max-snippet":"max-snippet:-1","max-image-preview":"max-image-preview:large","max-video-preview":"max-video-preview:-1"},"canonical":"https:\/\/abreast.com.br\/index.php\/central-de-orcamentos\/","og_locale":"pt_BR","og_type":"article","og_title":"CENTRAL DE OR\u00c7AMENTOS - Abreast - Seguran\u00e7a e Medicina do Trabalho","og_description":"Abreast - Seguran\u00e7a e Medicina do Trabalho.","og_url":"https:\/\/abreast.com.br\/index.php\/central-de-orcamentos\/","og_site_name":"Abreast - Seguran\u00e7a e Medicina do Trabalho","twitter_card":"summary_large_image","schema":{"@context":"https:\/\/schema.org","@graph":[{"@type":"WebPage","@id":"https:\/\/abreast.com.br\/index.php\/central-de-orcamentos\/","url":"https:\/\/abreast.com.br\/index.php\/central-de-orcamentos\/","name":"CENTRAL DE OR\u00c7AMENTOS - Abreast - Seguran\u00e7a e Medicina do Trabalho","isPartOf":{"@id":"https:\/\/abreast.com.br\/#website"},"datePublished":"2019-12-11T00:12:42+00:00","dateModified":"2019-12-11T00:12:42+00:00","description":"Abreast - Seguran\u00e7a e Medicina do Trabalho.","breadcrumb":{"@id":"https:\/\/abreast.com.br\/index.php\/central-de-orcamentos\/#breadcrumb"},"inLanguage":"pt-BR","potentialAction":[{"@type":"ReadAction","target":["https:\/\/abreast.com.br\/index.php\/central-de-orcamentos\/"]}]},{"@type":"BreadcrumbList","@id":"https:\/\/abreast.com.br\/index.php\/central-de-orcamentos\/#breadcrumb","itemListElement":[{"@type":"ListItem","position":1,"name":"In\u00edcio","item":"https:\/\/abreast.com.br\/"},{"@type":"ListItem","position":2,"name":"CENTRAL DE OR\u00c7AMENTOS"}]},{"@type":"WebSite","@id":"https:\/\/abreast.com.br\/#website","url":"https:\/\/abreast.com.br\/","name":"Abreast - Seguran\u00e7a e Medicina do Trabalho","description":"Abreast - Seguran\u00e7a e Medicina do Trabalho","publisher":{"@id":"https:\/\/abreast.com.br\/#organization"},"potentialAction":[{"@type":"SearchAction","target":{"@type":"EntryPoint","urlTemplate":"https:\/\/abreast.com.br\/?s={search_term_string}"},"query-input":"required name=search_term_string"}],"inLanguage":"pt-BR"},{"@type":"Organization","@id":"https:\/\/abreast.com.br\/#organization","name":"Abreast","url":"https:\/\/abreast.com.br\/","logo":{"@type":"ImageObject","inLanguage":"pt-BR","@id":"https:\/\/abreast.com.br\/#\/schema\/logo\/image\/","url":"https:\/\/abreast.com.br\/wp-content\/uploads\/2019\/11\/logo-abreast.png","contentUrl":"https:\/\/abreast.com.br\/wp-content\/uploads\/2019\/11\/logo-abreast.png","width":302,"height":127,"caption":"Abreast"},"image":{"@id":"https:\/\/abreast.com.br\/#\/schema\/logo\/image\/"}}]}},"_links":{"self":[{"href":"https:\/\/abreast.com.br\/index.php\/wp-json\/wp\/v2\/pages\/260"}],"collection":[{"href":"https:\/\/abreast.com.br\/index.php\/wp-json\/wp\/v2\/pages"}],"about":[{"href":"https:\/\/abreast.com.br\/index.php\/wp-json\/wp\/v2\/types\/page"}],"author":[{"embeddable":true,"href":"https:\/\/abreast.com.br\/index.php\/wp-json\/wp\/v2\/users\/1"}],"replies":[{"embeddable":true,"href":"https:\/\/abreast.com.br\/index.php\/wp-json\/wp\/v2\/comments?post=260"}],"version-history":[{"count":1,"href":"https:\/\/abreast.com.br\/index.php\/wp-json\/wp\/v2\/pages\/260\/revisions"}],"predecessor-version":[{"id":262,"href":"https:\/\/abreast.com.br\/index.php\/wp-json\/wp\/v2\/pages\/260\/revisions\/262"}],"wp:attachment":[{"href":"https:\/\/abreast.com.br\/index.php\/wp-json\/wp\/v2\/media?parent=260"}],"curies":[{"name":"wp","href":"https:\/\/api.w.org\/{rel}","templated":true}]}}