{"id":220,"date":"2019-12-07T12:08:44","date_gmt":"2019-12-07T15:08:44","guid":{"rendered":"https:\/\/abreast.com.br\/?page_id=220"},"modified":"2019-12-07T16:57:51","modified_gmt":"2019-12-07T19:57:51","slug":"treinamento-e-cursos","status":"publish","type":"page","link":"https:\/\/abreast.com.br\/index.php\/treinamento-e-cursos\/","title":{"rendered":"Treinamentos e Cursos"},"content":{"rendered":"\n<h4 class=\"wp-block-heading\">Al\u00e9m de elaborarmos documenta\u00e7\u00f5es, n\u00f3s nos preocupamos com a qualidade de vida no trabalho. Por isso, dispomos de diversos cursos e treinamentos. Segue lista abaixo:<\/h4>\n\n\n\n<style>\n\n.txtemp1 li {font-size:19px; margin-bottom: 18px;}\n<\/style>\n\n\n\n<ul class=\"txtemp1\"><li><strong>Primeiros socorros<\/strong> conforme  NR 7 &#8211; 7.5.1 . Nosso objetivo \u00e9  Propor mecanismos de resgate e salvamento.  08 horas.<\/li><li> <strong>Forma\u00e7\u00e3o de Operadores de Guindaste<\/strong>  40 horas.  \u00a0NR 11 &#8211; 11.1.5; NR 34 &#8211; 34.10.22; NR 12 &#8211; 12.135\/ 12.136 <\/li><li> <strong>Curso de Teste de Estanqueidade<\/strong>  24 horas.  NR 34 . 14 &#8211; ANEXO l.<\/li><li><strong> Forma\u00e7\u00e3o De Operadores De Empilhadeira<\/strong>   20 horas.  NR 11 &#8211; 11.1.5; NR 34 &#8211; 34.10.22; NR 12 &#8211; 12.135\/ 12.136.<\/li><li> <strong>Forma\u00e7\u00e3o De Operadores De Ponte Rolante<\/strong> 16 horas.  NR 11 &#8211; 11.1.5; NR 34 &#8211; 34.10.22; NR 12 &#8211; 12.135\/ 12.136.<\/li><li> <strong>Forma\u00e7\u00e3o De Operadores De Plataforma Elevat\u00f3ria<\/strong> 16 horas.  NR 11 &#8211; 11.1.5; NR 34 &#8211; 34.10.22; NR 12 &#8211; 12.135\/ 12.136.<\/li><li> <strong>Forma\u00e7\u00e3o De Operadores De Bob Cat<\/strong> 16 horas.  NR 11 &#8211; 11.1.5; NR 34 &#8211; 34.10.22; NR 12 &#8211; 12.135\/ 12.136.<\/li><li> <strong>Forma\u00e7\u00e3o De Riggers\u00a0 Profissionais Qualificados Em Rigging<\/strong>  20 horas.   \u00a0NR 34 &#8211; 34.10.21.<\/li><li><strong> Dire\u00e7\u00e3o Defensiva E Educa\u00e7\u00e3o No Transito<\/strong>  16 horas.  NR 11 &#8211; 11.1.5; NR 34 &#8211; 34.10.22; NR 12 &#8211; 12.135\/ 12.136.<\/li><li> <strong>Apresenta\u00e7\u00e3o e did\u00e1tica do ensino t\u00e9cnico<\/strong> 20 horas.<\/li><li> <strong>Forma\u00e7\u00e3o de L\u00edderes E Encarregados de Rigging<\/strong>  120 horas.  NR 11 &#8211; 11.1.5; NR 34 &#8211; 34.10.22; NR 12 &#8211; 12.135\/ 12.136.<\/li><li> <strong>Curso para Inspe\u00e7\u00e3o de Acess\u00f3rios e Equipamentos de Cargas<\/strong> 40 horas.  NR 12 &#8211; 12.135\/ 12.136.<\/li><li> <strong>Forma\u00e7\u00e3o de Operadores de Grua<\/strong>  20 horas.  NR 11 &#8211; 11.1.5; NR 34 &#8211; 34.10.22; NR 12 &#8211; 12.135\/ 12.136.<\/li><li> <strong>Brigada de Inc\u00eandio<\/strong> 20 horas.   NBR 14276.<\/li><li> <strong>Preven\u00e7\u00e3o e Combate a Inc\u00eandio<\/strong>.  NR 23 &#8211; 23.1.1, b.<\/li><li> <strong>Trabalhos com Eletricidade 40 horas<\/strong>.  NR 10 &#8211; 10.7.1 &#8211; Anexo I.<\/li><li> <strong>Trabalhos em Espa\u00e7os Confinados<\/strong>  40 horas.  NR 33 \/ NBR 14787.<\/li><li><strong> Curso B\u00e1sico de Seguran\u00e7a nas de Pintura<\/strong> 08 horas.  NR 34 \u2013 34.8.<\/li><li> <strong>Curso B\u00e1sico de Capacita\u00e7\u00e3o para Trabalhos de Jateamento e Hidrojateamento<\/strong> 08 horas.  NR 34 \u2013 34.8.<\/li><li> <strong>Curso B\u00e1sico de Seguran\u00e7a para Trabalho a Quente<\/strong> 08 horas.  NR 34.5 ANEXO l.4.<\/li><li> <strong>Curso B\u00e1sico para Observador de Trabalho a Quente<\/strong>  08 horas.  NR 34 ANEXO l.1.<\/li><li> <strong>Montagem e Desmontagem de Andaimes<\/strong>  20 horas.  NR 34 \/ 18.15.<\/li><li> <strong>Seguran\u00e7a e Sa\u00fade no Trabalho em Altura<\/strong> 08 horas.  NR 35.<\/li><li><strong> PEAT &#8211; Projeto de Educa\u00e7\u00e3o Ambiental dos Trabalhadores<\/strong>  (ONSHORE \/ OFFSHORE)   Lei 9.795\/1999 \u2013 Art. 3.<\/li><li> <strong>PEA &#8211; Programa de Comunica\u00e7\u00e3o e Educa\u00e7\u00e3o Ambiental<\/strong>  Lei 9.795\/1999 \u2013 Art. 3.<\/li><li><strong> Cursos de Sensibiliza\u00e7\u00e3o Ambiental <\/strong> Lei 9.795\/1999 \u2013 Art. 3.<\/li><li> <strong>Curso B\u00e1sico de SGA \u2013 Sistema de Gest\u00e3o Ambiental<\/strong>   ISO 14.001.<\/li><li><strong>Curso B\u00e1sico de Educa\u00e7\u00e3o Ambiental<\/strong>  NBR ISO 14005, NBR 16001 e NBR 26000.<\/li><li><strong>Curso B\u00e1sico Gest\u00e3o de Res\u00edduos<\/strong>  Lei 9.795\/1999 \u2013 Art. 3.<\/li><\/ul>\n\n\n\n<p><\/p>\n\n\n\n<p><\/p>\n","protected":false},"excerpt":{"rendered":"<p>Al\u00e9m de elaborarmos documenta\u00e7\u00f5es, n\u00f3s nos preocupamos com a qualidade de vida no trabalho. Por isso, dispomos de diversos cursos e treinamentos. Segue lista abaixo: Primeiros socorros conforme NR 7 &#8211; 7.5.1 . Nosso objetivo \u00e9 Propor mecanismos de resgate e salvamento. 08 horas. Forma\u00e7\u00e3o de Operadores de Guindaste 40 horas. \u00a0NR 11 &#8211; 11.1.5; NR 34 &#8211; 34.10.22; NR 12 &#8211; 12.135\/ 12.136 Curso de Teste de Estanqueidade 24 horas. NR 34 . 14 &#8211; ANEXO l. Forma\u00e7\u00e3o De Operadores De Empilhadeira 20 horas. NR 11 &#8211; 11.1.5; NR 34 &#8211; 34.10.22; NR 12 &#8211; 12.135\/ 12.136. Forma\u00e7\u00e3o De&hellip; <br \/> <a class=\"button small blue\" href=\"https:\/\/abreast.com.br\/index.php\/treinamento-e-cursos\/\">Leia mais<\/a><\/p>\n","protected":false},"author":1,"featured_media":0,"parent":0,"menu_order":0,"comment_status":"closed","ping_status":"closed","template":"","meta":{"_themeisle_gutenberg_block_has_review":false},"yoast_head":"<!-- This site is optimized with the Yoast SEO plugin v20.2 - https:\/\/yoast.com\/wordpress\/plugins\/seo\/ -->\n<title>Treinamentos e Cursos - Abreast - Seguran\u00e7a e Medicina do Trabalho<\/title>\n<meta name=\"description\" content=\"Abreast - Seguran\u00e7a e Medicina do Trabalho.\" \/>\n<meta name=\"robots\" content=\"index, follow, max-snippet:-1, max-image-preview:large, max-video-preview:-1\" \/>\n<link rel=\"canonical\" href=\"https:\/\/abreast.com.br\/index.php\/treinamento-e-cursos\/\" \/>\n<meta property=\"og:locale\" content=\"pt_BR\" \/>\n<meta property=\"og:type\" content=\"article\" \/>\n<meta property=\"og:title\" content=\"Treinamentos e Cursos - Abreast - Seguran\u00e7a e Medicina do Trabalho\" \/>\n<meta property=\"og:description\" content=\"Abreast - Seguran\u00e7a e Medicina do Trabalho.\" \/>\n<meta property=\"og:url\" content=\"https:\/\/abreast.com.br\/index.php\/treinamento-e-cursos\/\" \/>\n<meta property=\"og:site_name\" content=\"Abreast - Seguran\u00e7a e Medicina do Trabalho\" \/>\n<meta property=\"article:modified_time\" content=\"2019-12-07T19:57:51+00:00\" \/>\n<meta name=\"twitter:card\" content=\"summary_large_image\" \/>\n<meta name=\"twitter:label1\" content=\"Est. tempo de leitura\" \/>\n\t<meta name=\"twitter:data1\" content=\"2 minutos\" \/>\n<script type=\"application\/ld+json\" class=\"yoast-schema-graph\">{\"@context\":\"https:\/\/schema.org\",\"@graph\":[{\"@type\":\"WebPage\",\"@id\":\"https:\/\/abreast.com.br\/index.php\/treinamento-e-cursos\/\",\"url\":\"https:\/\/abreast.com.br\/index.php\/treinamento-e-cursos\/\",\"name\":\"Treinamentos e Cursos - Abreast - Seguran\u00e7a e Medicina do Trabalho\",\"isPartOf\":{\"@id\":\"https:\/\/abreast.com.br\/#website\"},\"datePublished\":\"2019-12-07T15:08:44+00:00\",\"dateModified\":\"2019-12-07T19:57:51+00:00\",\"description\":\"Abreast - Seguran\u00e7a e Medicina do Trabalho.\",\"breadcrumb\":{\"@id\":\"https:\/\/abreast.com.br\/index.php\/treinamento-e-cursos\/#breadcrumb\"},\"inLanguage\":\"pt-BR\",\"potentialAction\":[{\"@type\":\"ReadAction\",\"target\":[\"https:\/\/abreast.com.br\/index.php\/treinamento-e-cursos\/\"]}]},{\"@type\":\"BreadcrumbList\",\"@id\":\"https:\/\/abreast.com.br\/index.php\/treinamento-e-cursos\/#breadcrumb\",\"itemListElement\":[{\"@type\":\"ListItem\",\"position\":1,\"name\":\"In\u00edcio\",\"item\":\"https:\/\/abreast.com.br\/\"},{\"@type\":\"ListItem\",\"position\":2,\"name\":\"Treinamentos e Cursos\"}]},{\"@type\":\"WebSite\",\"@id\":\"https:\/\/abreast.com.br\/#website\",\"url\":\"https:\/\/abreast.com.br\/\",\"name\":\"Abreast - Seguran\u00e7a e Medicina do Trabalho\",\"description\":\"Abreast - Seguran\u00e7a e Medicina do Trabalho\",\"publisher\":{\"@id\":\"https:\/\/abreast.com.br\/#organization\"},\"potentialAction\":[{\"@type\":\"SearchAction\",\"target\":{\"@type\":\"EntryPoint\",\"urlTemplate\":\"https:\/\/abreast.com.br\/?s={search_term_string}\"},\"query-input\":\"required name=search_term_string\"}],\"inLanguage\":\"pt-BR\"},{\"@type\":\"Organization\",\"@id\":\"https:\/\/abreast.com.br\/#organization\",\"name\":\"Abreast\",\"url\":\"https:\/\/abreast.com.br\/\",\"logo\":{\"@type\":\"ImageObject\",\"inLanguage\":\"pt-BR\",\"@id\":\"https:\/\/abreast.com.br\/#\/schema\/logo\/image\/\",\"url\":\"https:\/\/abreast.com.br\/wp-content\/uploads\/2019\/11\/logo-abreast.png\",\"contentUrl\":\"https:\/\/abreast.com.br\/wp-content\/uploads\/2019\/11\/logo-abreast.png\",\"width\":302,\"height\":127,\"caption\":\"Abreast\"},\"image\":{\"@id\":\"https:\/\/abreast.com.br\/#\/schema\/logo\/image\/\"}}]}<\/script>\n<!-- \/ Yoast SEO plugin. -->","yoast_head_json":{"title":"Treinamentos e Cursos - Abreast - Seguran\u00e7a e Medicina do Trabalho","description":"Abreast - Seguran\u00e7a e Medicina do Trabalho.","robots":{"index":"index","follow":"follow","max-snippet":"max-snippet:-1","max-image-preview":"max-image-preview:large","max-video-preview":"max-video-preview:-1"},"canonical":"https:\/\/abreast.com.br\/index.php\/treinamento-e-cursos\/","og_locale":"pt_BR","og_type":"article","og_title":"Treinamentos e Cursos - Abreast - Seguran\u00e7a e Medicina do Trabalho","og_description":"Abreast - Seguran\u00e7a e Medicina do Trabalho.","og_url":"https:\/\/abreast.com.br\/index.php\/treinamento-e-cursos\/","og_site_name":"Abreast - Seguran\u00e7a e Medicina do Trabalho","article_modified_time":"2019-12-07T19:57:51+00:00","twitter_card":"summary_large_image","twitter_misc":{"Est. tempo de leitura":"2 minutos"},"schema":{"@context":"https:\/\/schema.org","@graph":[{"@type":"WebPage","@id":"https:\/\/abreast.com.br\/index.php\/treinamento-e-cursos\/","url":"https:\/\/abreast.com.br\/index.php\/treinamento-e-cursos\/","name":"Treinamentos e Cursos - Abreast - Seguran\u00e7a e Medicina do Trabalho","isPartOf":{"@id":"https:\/\/abreast.com.br\/#website"},"datePublished":"2019-12-07T15:08:44+00:00","dateModified":"2019-12-07T19:57:51+00:00","description":"Abreast - Seguran\u00e7a e Medicina do Trabalho.","breadcrumb":{"@id":"https:\/\/abreast.com.br\/index.php\/treinamento-e-cursos\/#breadcrumb"},"inLanguage":"pt-BR","potentialAction":[{"@type":"ReadAction","target":["https:\/\/abreast.com.br\/index.php\/treinamento-e-cursos\/"]}]},{"@type":"BreadcrumbList","@id":"https:\/\/abreast.com.br\/index.php\/treinamento-e-cursos\/#breadcrumb","itemListElement":[{"@type":"ListItem","position":1,"name":"In\u00edcio","item":"https:\/\/abreast.com.br\/"},{"@type":"ListItem","position":2,"name":"Treinamentos e Cursos"}]},{"@type":"WebSite","@id":"https:\/\/abreast.com.br\/#website","url":"https:\/\/abreast.com.br\/","name":"Abreast - Seguran\u00e7a e Medicina do Trabalho","description":"Abreast - Seguran\u00e7a e Medicina do Trabalho","publisher":{"@id":"https:\/\/abreast.com.br\/#organization"},"potentialAction":[{"@type":"SearchAction","target":{"@type":"EntryPoint","urlTemplate":"https:\/\/abreast.com.br\/?s={search_term_string}"},"query-input":"required name=search_term_string"}],"inLanguage":"pt-BR"},{"@type":"Organization","@id":"https:\/\/abreast.com.br\/#organization","name":"Abreast","url":"https:\/\/abreast.com.br\/","logo":{"@type":"ImageObject","inLanguage":"pt-BR","@id":"https:\/\/abreast.com.br\/#\/schema\/logo\/image\/","url":"https:\/\/abreast.com.br\/wp-content\/uploads\/2019\/11\/logo-abreast.png","contentUrl":"https:\/\/abreast.com.br\/wp-content\/uploads\/2019\/11\/logo-abreast.png","width":302,"height":127,"caption":"Abreast"},"image":{"@id":"https:\/\/abreast.com.br\/#\/schema\/logo\/image\/"}}]}},"_links":{"self":[{"href":"https:\/\/abreast.com.br\/index.php\/wp-json\/wp\/v2\/pages\/220"}],"collection":[{"href":"https:\/\/abreast.com.br\/index.php\/wp-json\/wp\/v2\/pages"}],"about":[{"href":"https:\/\/abreast.com.br\/index.php\/wp-json\/wp\/v2\/types\/page"}],"author":[{"embeddable":true,"href":"https:\/\/abreast.com.br\/index.php\/wp-json\/wp\/v2\/users\/1"}],"replies":[{"embeddable":true,"href":"https:\/\/abreast.com.br\/index.php\/wp-json\/wp\/v2\/comments?post=220"}],"version-history":[{"count":12,"href":"https:\/\/abreast.com.br\/index.php\/wp-json\/wp\/v2\/pages\/220\/revisions"}],"predecessor-version":[{"id":241,"href":"https:\/\/abreast.com.br\/index.php\/wp-json\/wp\/v2\/pages\/220\/revisions\/241"}],"wp:attachment":[{"href":"https:\/\/abreast.com.br\/index.php\/wp-json\/wp\/v2\/media?parent=220"}],"curies":[{"name":"wp","href":"https:\/\/api.w.org\/{rel}","templated":true}]}}